{"id":24,"date":"2020-01-14T22:05:18","date_gmt":"2020-01-14T22:05:18","guid":{"rendered":"http:\/\/bus-schramm.de\/?page_id=24"},"modified":"2025-01-26T13:13:02","modified_gmt":"2025-01-26T13:13:02","slug":"fahrzeuge","status":"publish","type":"page","link":"https:\/\/bus-schramm.de\/?page_id=24","title":{"rendered":"Fahrzeuge"},"content":{"rendered":"\n<div class=\"wp-block-columns is-layout-flex wp-container-core-columns-is-layout-9d6595d7 wp-block-columns-is-layout-flex\">\n<div class=\"wp-block-column is-layout-flow wp-block-column-is-layout-flow\">\n<p>Gerne vermitteln wir Ihnen auch Fahrzeuge, die wir nicht auf der Homepage aufgef\u00fchrt haben. Kontaktieren Sie uns hierzu gerne \u00fcber die Terminanfrage.<\/p>\n<\/div>\n<\/div>\n\n\n\n<h2 class=\"wp-block-heading\">VW Crafter<\/h2>\n\n\n\n<div class=\"wp-block-columns is-layout-flex wp-container-core-columns-is-layout-9d6595d7 wp-block-columns-is-layout-flex\">\n<div class=\"wp-block-column is-layout-flow wp-block-column-is-layout-flow\" style=\"flex-basis:33.33%\">\nngg_shortcode_0_placeholder\n<\/div>\n\n\n\n<div class=\"wp-block-column is-layout-flow wp-block-column-is-layout-flow\" style=\"flex-basis:66.66%\">\n<p> Der Bus bietet Platz f\u00fcr 9 Personen (1+2 vorne \/ 3 \/ 3) und darf mit  F\u00fchrerscheinklasse B (&#8222;Pkw&#8220;) gefahren werden. <\/p>\n\n\n\n<ul class=\"wp-block-list\">\n<li>gro\u00dfer Kofferraum<\/li>\n\n\n\n<li>Klimaanlage<\/li>\n\n\n\n<li>Tempomat<\/li>\n\n\n\n<li>Radio (Bluetooth,CD, Aux)  <\/li>\n\n\n\n<li>Multifunktionslenkrad<\/li>\n\n\n\n<li>Parkhilfe<\/li>\n\n\n\n<li>6 Gang-Getriebe<\/li>\n\n\n\n<li>Navigation (extern)<\/li>\n\n\n\n<li>ZV mit Funkfernbedienung<\/li>\n\n\n\n<li>AHK<\/li>\n\n\n\n<li>\u00d6sterreich-Vignette<\/li>\n<\/ul>\n\n\n\n<p>Preis: 100\u20ac \/ Tag inkl. 200 km frei (je 100 km extra 10\u20ac) <\/p>\n\n\n\n<p> Preisvereinbarungen bei l\u00e4ngerer Mietdauer m\u00f6glich.<\/p>\n\n\n\n<p>Urlaubspauschale (8 Tage) inkl. 1800km: 700\u20ac<\/p>\n\n\n\n<p>  F\u00fcr mehr Bilder aufs Foto klicken.  <\/p>\n<\/div>\n<\/div>\n\n\n\n<h2 class=\"wp-block-heading\">Mercedes Sprinter Bus<\/h2>\n\n\n\n<div class=\"wp-block-columns is-layout-flex wp-container-core-columns-is-layout-9d6595d7 wp-block-columns-is-layout-flex\">\n<div class=\"wp-block-column is-layout-flow wp-block-column-is-layout-flow\" style=\"flex-basis:33.33%\">\nngg_shortcode_1_placeholder\n<\/div>\n\n\n\n<div class=\"wp-block-column is-layout-flow wp-block-column-is-layout-flow\" style=\"flex-basis:66.66%\">\n<p>Der Bus bietet Platz f\u00fcr 8 Personen (2 vorne \/ 3 \/ 3) und darf mit F\u00fchrerscheinklasse B (&#8222;Pkw&#8220;) gefahren werden. <\/p>\n\n\n\n<ul class=\"wp-block-list\">\n<li>Gro\u00dfer Kofferraum<\/li>\n\n\n\n<li>Klimaanlage (separat regelbar im Fond)<\/li>\n\n\n\n<li>Radio (USB, Aux, Bluetooth)<\/li>\n\n\n\n<li>6 Gang-Getriebe<\/li>\n\n\n\n<li>Navigation (extern)<\/li>\n\n\n\n<li>ZV mit Funkfernbedienung<\/li>\n\n\n\n<li>AHK<\/li>\n\n\n\n<li>\u00d6sterreich-Vignette<\/li>\n<\/ul>\n\n\n\n<p>Preis: 100\u20ac \/ Tag inkl. 200 km frei (je 100 km extra 10\u20ac) <\/p>\n\n\n\n<p> Preisvereinbarungen bei l\u00e4ngerer Mietdauer m\u00f6glich. <\/p>\n\n\n\n<p>Urlaubspauschale (8 Tage) inkl. 1800km: 700\u20ac<\/p>\n\n\n\n<p>  F\u00fcr mehr Bilder aufs Foto klicken.  <\/p>\n<\/div>\n<\/div>\n\n\n\n<h2 class=\"wp-block-heading\">Ford Transit &#8211; langer Radstand<\/h2>\n\n\n\n<div class=\"wp-block-columns is-layout-flex wp-container-core-columns-is-layout-9d6595d7 wp-block-columns-is-layout-flex\">\n<div class=\"wp-block-column is-layout-flow wp-block-column-is-layout-flow\" style=\"flex-basis:33.33%\">\nngg_shortcode_2_placeholder\n<\/div>\n\n\n\n<div class=\"wp-block-column is-layout-flow wp-block-column-is-layout-flow\" style=\"flex-basis:66.66%\">\n<p>Der Bus bietet Platz f\u00fcr 9 Personen (1+2 vorne \/ 3 \/ 3) und darf mit F\u00fchrerscheinklasse B (&#8222;Pkw&#8220;) gefahren werden. <\/p>\n\n\n\n<p>Zus\u00e4tzlich bietet der Kofferraum sehr viel Platz f\u00fcr Gep\u00e4ck.<\/p>\n\n\n\n<ul class=\"wp-block-list\">\n<li>Klimaanlage<\/li>\n\n\n\n<li>Tempomat<\/li>\n\n\n\n<li>Radio (Bluetooth, USB, Aux)<\/li>\n\n\n\n<li>6 Gang Getriebe<\/li>\n\n\n\n<li>Navigation (extern)<\/li>\n\n\n\n<li>ZV mit Funkfernbedienung<\/li>\n\n\n\n<li>elektr. Fensterheber<\/li>\n\n\n\n<li>Einparkhilfe vorne und hinten<\/li>\n\n\n\n<li>\u00d6sterreich-Vignette, uvm.<\/li>\n<\/ul>\n\n\n\n<p>.<br>Preis: 100\u20ac \/ Tag inkl. 200 km frei (je 100 km extra 10\u20ac)<\/p>\n\n\n\n<p><br>Preisvereinbarungen bei l\u00e4ngerer Mietdauer m\u00f6glich.<\/p>\n\n\n\n<p>Urlaubspauschale (8 Tage) inkl. 1800km: 700\u20ac<\/p>\n\n\n\n<p>F\u00fcr mehr Bilder aufs Foto klicken.<\/p>\n<\/div>\n<\/div>\n\n\n\n<h2 class=\"wp-block-heading\">Mercedes Sprinter Kastenwagen<\/h2>\n\n\n\n<div class=\"wp-block-columns is-layout-flex wp-container-core-columns-is-layout-9d6595d7 wp-block-columns-is-layout-flex\">\n<div class=\"wp-block-column is-layout-flow wp-block-column-is-layout-flow\" style=\"flex-basis:33.33%\">\nngg_shortcode_3_placeholder\n<\/div>\n\n\n\n<div class=\"wp-block-column is-layout-flow wp-block-column-is-layout-flow\" style=\"flex-basis:66.66%\">\n<p>Der Bus darf mit F\u00fchrerscheinklasse B (&#8222;Pkw&#8220;) gefahren werden.<\/p>\n\n\n\n<p>Nutzbare Ma\u00dfe der Ladefl\u00e4che:<\/p>\n\n\n\n<p>3,32 m x 1,82 m x 1,88 m (L\u00e4nge x Breite x H\u00f6he)<\/p>\n\n\n\n<p>Optimal f\u00fcr Umz\u00fcge und Transporte aller Art<br>(Umlaufend Zurrm\u00f6glichkeiten vorhanden)<\/p>\n\n\n\n<p>Motorradtransport jederzeit m\u00f6glich: Rampe, Motorradwippe und Zurrgurte vorhanden!<\/p>\n\n\n\n<p>Preis:<br>Bus 100\u20ac\/Tag inkl. 200 km\/Tag<br>(Extrakilometer 0,10\u20ac)<\/p>\n\n\n\n<p>Oder<\/p>\n\n\n\n<p>Wochenpauschale 700\u20ac\/Woche (8 Tage) inkl. 1800 km<br>*Bitte haben Sie Verst\u00e4ndnis dass keine Halbtags- oder Stundentarife angeboten werden k\u00f6nnen*<\/p>\n\n\n\n<p>Preisvereinbarungen bei l\u00e4ngerer Mietdauer m\u00f6glich.<\/p>\n\n\n\n<p>F\u00fcr mehr Bilder aufs Foto klicken.  <\/p>\n<\/div>\n<\/div>\n\n\n\n<h2 class=\"wp-block-heading\">KFZ-Anh\u00e4nger<\/h2>\n\n\n\n<div class=\"wp-block-columns is-layout-flex wp-container-core-columns-is-layout-9d6595d7 wp-block-columns-is-layout-flex\">\n<div class=\"wp-block-column is-layout-flow wp-block-column-is-layout-flow\" style=\"flex-basis:33%\">\nngg_shortcode_4_placeholder\n<\/div>\n\n\n\n<div class=\"wp-block-column is-layout-flow wp-block-column-is-layout-flow\" style=\"flex-basis:50%\">\n<p>Kippbarer Anh\u00e4nger mit Planenaufbau f\u00fcr verschiedene Zwecke<\/p>\n\n\n\n<p>Technische Daten:<\/p>\n\n\n\n<ul class=\"wp-block-list\">\n<li>Gesamtma\u00dfe: 4160 x 1640 x 950<\/li>\n\n\n\n<li>Innenma\u00dfe: 2680 x 1500 (Breite) x 1600 (H\u00f6he)<\/li>\n\n\n\n<li>zul. Gesamtgewicht: 2700 kg<\/li>\n\n\n\n<li>Nutzlast: 2160kg<\/li>\n\n\n\n<li>6 Verzurr\u00f6sen (je 400kg Zugkraft)<\/li>\n\n\n\n<li>100 km\/h Zulassung<\/li>\n<\/ul>\n\n\n\n<p>R\u00fcckw\u00e4rts kippbar, optimal f\u00fcr Sch\u00fcttgut wie Sand, Rindenmulch, usw.<\/p>\n\n\n\n<p>Auch f\u00fcr Motorradtransport geeignet (Motorradwippe und Rampe vorhanden)<\/p>\n\n\n\n<p>Anh\u00e4nger 50\u20ac \/ Tag oder 120\u20ac f\u00fcr 3 Tage<br>Preisvereinbarungen bei l\u00e4ngerer Mietdauer m\u00f6glich.<\/p>\n\n\n\n<p>F\u00fcr mehr Bilder aufs Foto klicken.<\/p>\n<\/div>\n<\/div>\n","protected":false},"excerpt":{"rendered":"<p>Gerne vermitteln wir Ihnen auch Fahrzeuge, die wir nicht auf der Homepage aufgef\u00fchrt haben. Kontaktieren Sie uns hierzu gerne \u00fcber die Terminanfrage. VW Crafter Der Bus bietet Platz f\u00fcr 9 Personen (1+2 vorne \/ 3 \/ 3) und darf mit F\u00fchrerscheinklasse B (&#8222;Pkw&#8220;) gefahren werden. Preis: 100\u20ac \/ Tag inkl. 200 km frei (je 100&hellip; <br \/> <a class=\"read-more\" href=\"https:\/\/bus-schramm.de\/?page_id=24\">Weiterlesen<\/a><\/p>\n","protected":false},"author":1,"featured_media":0,"parent":0,"menu_order":0,"comment_status":"closed","ping_status":"closed","template":"","meta":{"ngg_post_thumbnail":0,"footnotes":""},"class_list":["post-24","page","type-page","status-publish","hentry"],"_links":{"self":[{"href":"https:\/\/bus-schramm.de\/index.php?rest_route=\/wp\/v2\/pages\/24","targetHints":{"allow":["GET"]}}],"collection":[{"href":"https:\/\/bus-schramm.de\/index.php?rest_route=\/wp\/v2\/pages"}],"about":[{"href":"https:\/\/bus-schramm.de\/index.php?rest_route=\/wp\/v2\/types\/page"}],"author":[{"embeddable":true,"href":"https:\/\/bus-schramm.de\/index.php?rest_route=\/wp\/v2\/users\/1"}],"replies":[{"embeddable":true,"href":"https:\/\/bus-schramm.de\/index.php?rest_route=%2Fwp%2Fv2%2Fcomments&post=24"}],"version-history":[{"count":39,"href":"https:\/\/bus-schramm.de\/index.php?rest_route=\/wp\/v2\/pages\/24\/revisions"}],"predecessor-version":[{"id":348,"href":"https:\/\/bus-schramm.de\/index.php?rest_route=\/wp\/v2\/pages\/24\/revisions\/348"}],"wp:attachment":[{"href":"https:\/\/bus-schramm.de\/index.php?rest_route=%2Fwp%2Fv2%2Fmedia&parent=24"}],"curies":[{"name":"wp","href":"https:\/\/api.w.org\/{rel}","templated":true}]}}